
11, 157
Let k = 19 + -16. Let j = 73 - 38. Suppose j = k*o - 34. What are the prime factors of o?
23
Let a(u) = -2*u - 28. Let i be a(-15). Suppose -2*c = -2*x - 258, 0*c + 3*c - i*x - 391 = 0. List the prime factors of c.
7, 19
Let s(l) = l**3 + 3*l**2 - 2*l + 8. Let b be s(-4). Suppose -5*k + 3*k + 18 = b. What are the prime factors of ((-6)/k)/((-4)/66)?
11
Let x(y) = 13*y**3 - y**2 + y. Let o be x(1). Suppose o = 5*r + 3. Suppose -r*g + 32 = 2*g. List the prime factors of g.
2
Let o(y) = y**3 - 14*y**2 + 16*y + 17. Let s be o(12). Let u = s + 34. Let n = -28 - u. List the prime factors of n.
17
Let f(n) = n**2 - 5*n + 16. Let u(a) = 1. Let m(r) = f(r) + 4*u(r). List the prime factors of m(-6).
2, 43
Let u = -2198 - -5738. List the prime factors of u.
2, 3, 5, 59
List the prime factors of (-7)/(1/754*(12 + -14)).
7, 13, 29
Suppose 144 = 3*b - c, -c + 31 + 65 = 2*b. Let f(j) = -4*j + 58. Let n be f(14). Suppose 0 = n*z - b. List the prime factors of z.
2, 3
Suppose 29*o - 24607 = 18*o. List the prime factors of o.
2237
Let n be -16*(-1 - 1/(-2)) - 2. Suppose n*w - 3*w - 198 = 0. List the prime factors of w.
2, 3, 11
Let v(w) = -2*w + 11. Let m be v(4). List the prime factors of -5*m/(-60) + (-367)/(-4).
2, 23
Suppose -4*j + 0 = -16. Suppose j*f - 4 - 52 = 0. What are the prime factors of f?
2, 7
Suppose -j = -18 + 19. Let k = j - -41. Let w = 18 + k. List the prime factors of w.
2, 29
Let i(s) = s**3 - s**2 - 21*s + 2. Let l be i(5). What are the prime factors of 24 - -7 - 1/((-1)/l)?
2, 7
Let b(a) = -8*a**2 - 2*a + 1. Let i be b(1). Let g(h) be the first derivative of -3*h**2/2 - 6*h - 32. List the prime factors of g(i).
3, 7
Suppose -9*n - 237 = -651. Let a = n + -3. List the prime factors of a.
43
Let i = -26 + 29. Let k be (-4 - -3)/(i/(-15)). Suppose -4 = -k*m + 16. What are the prime factors of m?
2
Suppose 2*c = 5*k + 751, c - 3*k + 7*k = 382. Suppose 2*x + 60 = c. What are the prime factors of x?
3, 53
Let f = -146 + 430. List the prime factors of f.
2, 71
Let q be (11 - (-3)/(-3)) + -3. Suppose q*a = 2*a + 395. List the prime factors of a.
79
Suppose x + 0*x - 673 = 0. Suppose 0 = 15*k + 13 - x. What are the prime factors of k?
2, 11
Let j(v) = -v**2 + 15*v - 5. Let w be j(13). Let f(p) = -18*p - 22 + p**2 - w*p + 39*p. List the prime factors of f(9).
59
List the prime factors of (-12228)/(-4 + -6 - -7).
2, 1019
Let o(b) = 5*b**2 + 148*b + 66. List the prime factors of o(17).
4027
Let j(o) = -o - 21. Let v be j(-15). Let z(d) = 4*d**2 - 30. What are the prime factors of z(v)?
2, 3, 19
Let c(g) = -g**3 + 8*g**2 + 2*g + 6. Let t(u) = u**2 - 3*u + 4. Let s be t(4). Let m be c(s). Suppose 4*b - m = 242. What are the prime factors of b?
2, 3, 11
Let h = 11 - 6. Suppose -4*f + h*f = 53. What are the prime factors of f?
53
Let w(o) = -o**3 + 7*o**2 + 7*o - 13. Let m be w(6). Let c(p) = -3*p. Let q be c(-9). Suppose 4*i + g = m, 4*i - 2*i - 5*g = q. What are the prime factors of i?
2
What are the prime factors of (-4)/3*(10 - (158 + -7))?
2, 47
Suppose -3 = 4*w - 5*j, -3*w + 6*w - 21 = -4*j. Suppose -308 = -w*u + 229. What are the prime factors of u?
179
Suppose j + y - 2*y = 16, -5*j - 5*y + 100 = 0. Let f = 20 - j. What are the prime factors of f?
2
Suppose 0 = -7*t + t + 24. Suppose p - 30 = t*p. Let i = 21 - p. What are the prime factors of i?
31
Let k = 139 + -94. Suppose -k = -2*c - c. List the prime factors of c.
3, 5
Let z(g) = 10*g**3 + 2*g**2 + 2. Let o be z(2). What are the prime factors of (-13)/(39/o)*(-9)/3?
2, 3, 5
Let q(o) = -o - 1. Let z(h) = 29*h + 22. Let v(m) = -6*q(m) - z(m). List the prime factors of v(-3).
53
Let t = -13 - -17. Let w(l) be the first derivative of l**3/3 + 3*l**2/2 - 6*l + 2. What are the prime factors of w(t)?
2, 11
Suppose b - 2 = 31. Suppose 3*f = 7 + 5. Let l = b - f. List the prime factors of l.
29
Let x be (-130)/(-8) + (-10)/40. Let t = -4 - x. What are the prime factors of (-42)/4*t/6?
5, 7
Let p(u) = -u**3 - 10*u**2 - 8*u - 9. Let h be p(-9). Let c = h + 21. What are the prime factors of c?
3
Suppose 0 = -2*h + 6*h + 148. Let a = 148 + -87. Let j = a + h. List the prime factors of j.
2, 3
Suppose -2*x + 11*x + 36 = 0. List the prime factors of (1 - (-5)/x)/(6/(-312)).
13
Let k(s) = 2*s**3 - 21*s**2 - 15*s + 143. List the prime factors of k(14).
3, 5, 29
Let m(w) = -11*w**3 + 25*w**2 + 49*w - 24. Let s(u) = -5*u**3 + 12*u**2 + 24*u - 12. Let t(i) = 4*m(i) - 9*s(i). List the prime factors of t(10).
2, 3
Let u(q) = 40*q**3 - 2*q**2 + 9*q - 12. List the prime factors of u(3).
3, 359
Suppose -3*j = -4*j - 4*i - 14, 4*j - 5*i = 49. Suppose -j*y + 2*y = -4*p + 968, -p + 4*y + 257 = 0. What are the prime factors of p?
3, 79
Let c = -1815 + 4204. What are the prime factors of c?
2389
Let w = 34 + -36. What are the prime factors of ((-32)/8)/(w/38)?
2, 19
Let r be 2*4*(-2)/(-8). Suppose 0*o + o - r = 0. Suppose 3*v - 40 = o. What are the prime factors of v?
2, 7
Let j be (-6)/(-6)*4*1 + 10. Let x(b) = -2*b**2 + 31*b + 25. What are the prime factors of x(j)?
67
Let h = -37 - -39. Suppose p = -3*p - u + 225, -2*u + h = 0. What are the prime factors of p?
2, 7
Let p(h) = -5*h - 14. Let o be p(-3). Let c(m) = 117*m + 1. What are the prime factors of c(o)?
2, 59
Let f be 6/45*-9*960/(-9). Suppose -2*x + 262 + f = 0. What are the prime factors of x?
3, 5, 13
Let g = -305 + 739. List the prime factors of g.
2, 7, 31
Let r(h) = 386*h - 170. List the prime factors of r(3).
2, 13, 19
Let p = -9 + 13. Suppose -h + p = h. Suppose h*w - 6 + 0 = 0. List the prime factors of w.
3
Let b = 2898 + 281. What are the prime factors of b?
11, 17
Let r = 631 + -568. List the prime factors of r.
3, 7
Suppose 5*v = 5*n + 230, -n + 5*n - v + 175 = 0. Let c = n - -70. What are the prime factors of c?
3
Suppose -5*x - 3*c + 3825 = 0, -c - 4*c - 3060 = -4*x. List the prime factors of x.
3, 5, 17
Let g = -208 - -249. What are the prime factors of g?
41
Suppose 3*v - 4*v + a = 1, 4*v - a = 5. Let t(y) = y - v*y + 10*y**2 + 3 - 1 + 2*y. What are the prime factors of t(2)?
2, 11
Let y = 49 + 41. Let j be y/5*(-2)/(-6). Suppose -3*u + j + 151 = -2*t, -3*u + 172 = -5*t. What are the prime factors of u?
7
Suppose 0 = -3*q + 3*s + 429, q = 5*s + 205 - 78. Suppose 0 = -8*j + 5*j + q. List the prime factors of j.
7
Suppose -9 + 0 = -3*p. Let t = 5 - p. Suppose k - 36 = -t*k. List the prime factors of k.
2, 3
Suppose 243 = 3*a + 3*m - 150, -4*a + 5*m + 479 = 0. List the prime factors of a.
2, 3, 7
Suppose -22*q + 30*q - 3056 = 0. List the prime factors of q.
2, 191
Let m be -4 - -2 - (-264 + -1 + 5). Let n = m + -135. List the prime factors of n.
3, 41
Suppose -3*n + 864 = -0*n. List the prime factors of n.
2, 3
Suppose 11014 = 8*u - 9162. List the prime factors of u.
2, 13, 97
Let l(f) = 13*f**2 + 7*f - 10. Let o be l(-5). Suppose -5*t + o = -5*g, -3*g = g. What are the prime factors of t?
2, 7
Suppose -y - 4905 = -16*y. List the prime factors of y.
3, 109
Let o(d) = 4*d**3 + d. Let w be o(-1). Let l = -5 - w. Let q(m) = -m**3 - m**2 + m + 22. What are the prime factors of q(l)?
2, 11
Suppose -35*u + 31*u + 2752 = 0. What are the prime factors of u?
2, 43
What are the prime factors of (-19)/((-152)/(-3264))*(-14)/4?
2, 3, 7, 17
Let a(y) = 6*y**2 - 35*y + 21. List the prime factors of a(11).
2, 181
Suppose 6 = -3*f + 6*f. Suppose -3*q - j + f*j = -303, 0 = -3*j + 9. Suppose 2*s - q = -4*o, -s = 5*o - 2*s - 131. What are the prime factors of o?
2, 13
Let g = 10888 - 6539. What are the prime factors of g?
4349
Suppose -5*i = -3*i - 62. Let z = 103 - i. Let g = 122 - z. What are the prime factors of g?
2, 5
Suppose 0 = 9*f - 4411 - 656. What are the prime factors of f?
563
Let g(l) = 1 + 3*l + 0 - 2 - 5 + l**3 + 5*l**2. Let x be g(-4). What are the prime factors of (162/12)/((-1)/x)?
3
Let n = -122 + 116. Let i(h) = -2 - 5*h - 1 + 6 + h**2. What are the prime factors of i(n)?
3, 23
Suppose -2*p = 37 + 75. What are the prime factors of (p/(-5))/((-16)/(-40))?
2, 7
Let m(a) = -a**3 + 11*a**2 - 6*a - 1. Let f = -26 + 36. List the prime factors of m(f).
3, 13
Let y(u) = -2*u - 15. Let d be y(14). Let x be d/(-9) + 2/9. Suppose -z + 27 = -4*m + x*m, -3*m = -5*z - 105. What are the prime factors of m?
2, 3, 5
Let z be 10/2 - (-650)/13. Suppose -